{"id":5438,"date":"2025-09-15T23:43:37","date_gmt":"2025-09-15T23:43:37","guid":{"rendered":"https:\/\/thomaybomhcm.com\/?page_id=5438"},"modified":"2025-11-01T22:04:39","modified_gmt":"2025-11-01T22:04:39","slug":"sua-dien","status":"publish","type":"page","link":"https:\/\/thomaybomhcm.com\/?page_id=5438","title":{"rendered":"s\u1eeda \u0111i\u1ec7n"},"content":{"rendered":"<div class=\"row\"  id=\"row-1352263105\">\n\n\t<div id=\"col-1538059276\" class=\"col small-12 large-12\"  >\n\t\t\t\t<div class=\"col-inner\"  >\n\t\t\t\n\t\t\t\n<h1><span style=\"color: #000000;\">Th\u1ee3 l\u1eafp \u0111\u1eb7t s\u1eeda ch\u1eefa \u0111i\u1ec7n nh\u00e0<\/span><\/h1>\n<p><span style=\"color: #000000;\">li\u00ean h\u1ec7 : 0906379340 ho\u1eb7c 0812347733\u00a0<\/span><\/p>\n<p>\u00a0<\/p>\n\t\t<\/div>\n\t\t\t\t\t<\/div>\n\n\t\n<\/div>\n<div class=\"row\"  id=\"row-193875015\">\n\n\t<div id=\"col-421050710\" class=\"col medium-4 small-12 large-4\"  >\n\t\t\t\t<div class=\"col-inner\"  >\n\t\t\t\n\t\t\t\n\t<div class=\"img has-hover x md-x lg-x y md-y lg-y\" id=\"image_518932953\">\n\t\t\t\t\t\t\t\t<div class=\"img-inner dark\" >\n\t\t\t<img loading=\"lazy\" decoding=\"async\" width=\"300\" height=\"168\" src=\"https:\/\/thomaybomhcm.com\/wp-content\/uploads\/2024\/12\/images-2-1.jpg\" class=\"attachment-large size-large\" alt=\"\" title=\"\">\t\t\t\t\t\t\n\t\t\t\t\t<\/div>\n\t\t\t\t\t\t\t\t\n<style>\n#image_518932953 {\n  width: 100%;\n}\n<\/style>\n\t<\/div>\n\t\n\t\t<\/div>\n\t\t\t\t\t<\/div>\n\n\t\n\n\t<div id=\"col-995744077\" class=\"col medium-4 small-12 large-4\"  >\n\t\t\t\t<div class=\"col-inner\"  >\n\t\t\t\n\t\t\t\n\t<div class=\"img has-hover x md-x lg-x y md-y lg-y\" id=\"image_628033986\">\n\t\t\t\t\t\t\t\t<div class=\"img-inner image-cover dark\" style=\"padding-top:50%;\">\n\t\t\t<img loading=\"lazy\" decoding=\"async\" width=\"230\" height=\"219\" src=\"https:\/\/thomaybomhcm.com\/wp-content\/uploads\/2024\/12\/tai-xuong-5-1.jpg\" class=\"attachment-large size-large\" alt=\"\" title=\"\">\t\t\t\t\t\t\n\t\t\t\t\t<\/div>\n\t\t\t\t\t\t\t\t\n<style>\n#image_628033986 {\n  width: 100%;\n}\n<\/style>\n\t<\/div>\n\t\n\t\t<\/div>\n\t\t\t\t\t<\/div>\n\n\t\n\n\t<div id=\"col-623791758\" class=\"col medium-4 small-12 large-4\"  >\n\t\t\t\t<div class=\"col-inner\"  >\n\t\t\t\n\t\t\t\n\t<div class=\"img has-hover x md-x lg-x y md-y lg-y\" id=\"image_723121999\">\n\t\t\t\t\t\t\t\t<div class=\"img-inner dark\" >\n\t\t\t<img loading=\"lazy\" decoding=\"async\" width=\"1020\" height=\"624\" src=\"https:\/\/thomaybomhcm.com\/wp-content\/uploads\/2024\/05\/dich-vu-sua-chua-dien-nuoc-Ha-Noi-1024x626.jpg\" class=\"attachment-large size-large\" alt=\"D\u1ecbch v\u1ee5 s\u1eeda ch\u1eefa \u0111i\u1ec7n n\u01b0\u1edbc H\u00e0 N\u1ed9i\" srcset=\"https:\/\/thomaybomhcm.com\/wp-content\/uploads\/2024\/05\/dich-vu-sua-chua-dien-nuoc-Ha-Noi-1024x626.jpg 1024w, https:\/\/thomaybomhcm.com\/wp-content\/uploads\/2024\/05\/dich-vu-sua-chua-dien-nuoc-Ha-Noi-300x183.jpg 300w, https:\/\/thomaybomhcm.com\/wp-content\/uploads\/2024\/05\/dich-vu-sua-chua-dien-nuoc-Ha-Noi-768x469.jpg 768w, https:\/\/thomaybomhcm.com\/wp-content\/uploads\/2024\/05\/dich-vu-sua-chua-dien-nuoc-Ha-Noi-1536x939.jpg 1536w, https:\/\/thomaybomhcm.com\/wp-content\/uploads\/2024\/05\/dich-vu-sua-chua-dien-nuoc-Ha-Noi.jpg 1590w\" sizes=\"auto, (max-width: 1020px) 100vw, 1020px\" title=\"\">\t\t\t\t\t\t\n\t\t\t\t\t<\/div>\n\t\t\t\t\t\t\t\t\n<style>\n#image_723121999 {\n  width: 100%;\n}\n<\/style>\n\t<\/div>\n\t\n\t\t<\/div>\n\t\t\t\t\t<\/div>\n\n\t\n<\/div>\n<div class=\"row\"  id=\"row-1959362759\">\n\n\t<div id=\"col-645116027\" class=\"col small-12 large-12\"  >\n\t\t\t\t<div class=\"col-inner\"  >\n\t\t\t\n\t\t\t\n<p style=\"text-align: justify;\"><span style=\"color: #000000;\">Khi c\u00f3 s\u1ef1 c\u1ed1 \u0111i\u1ec7n,\u00a0<strong>ng\u1eaft ngu\u1ed3n \u0111i\u1ec7n ngay l\u1eadp t\u1ee9c<\/strong>\u00a0l\u00e0 \u01b0u ti\u00ean h\u00e0ng \u0111\u1ea7u, sau \u0111\u00f3 m\u1edbi ti\u1ebfn h\u00e0nh c\u00e1c bi\u1ec7n ph\u00e1p an to\u00e0n ti\u1ebfp theo nh\u01b0 d\u1eadp l\u1eeda b\u1eb1ng v\u1eadt li\u1ec7u c\u00e1ch \u0111i\u1ec7n (b\u00ecnh ch\u1eefa ch\u00e1y, c\u00e1t, \u0111\u1ea5t kh\u00f4) ho\u1eb7c s\u01a1 c\u1ee9u n\u1ebfu c\u00f3 ng\u01b0\u1eddi b\u1ecb \u0111i\u1ec7n gi\u1eadt. Lu\u00f4n g\u1ecdi ngay 114 n\u1ebfu c\u00f3 ch\u00e1y, v\u00e0 g\u1ecdi s\u1ed1 hotline c\u1ee7a c\u00f4ng ty \u0111i\u1ec7n l\u1ef1c \u0111\u1ecba ph\u01b0\u01a1ng n\u1ebfu s\u1ef1 c\u1ed1 l\u00e0 m\u1ea5t \u0111i\u1ec7n di\u1ec7n r\u1ed9ng.\u00a0C\u00e1c b\u01b0\u1edbc x\u1eed l\u00fd nhanh1. Ng\u1eaft ngu\u1ed3n \u0111i\u1ec7n<strong>ng\u1eaft c\u1ea7u dao ho\u1eb7c c\u1ea7u ch\u00ec t\u1ed5ng:<\/strong>\u00a0nhanh ch\u00f3ng t\u00ecm v\u00e0 ng\u1eaft c\u1ea7u dao t\u1ed5ng ho\u1eb7c c\u1ea7u ch\u00ec \u0111\u1ec3 c\u1eaft ho\u00e0n to\u00e0n ngu\u1ed3n \u0111i\u1ec7n, ng\u0103n ch\u1eb7n s\u1ef1 c\u1ed1 lan r\u1ed9ng.<strong>r\u00fat ph\u00edch c\u1eafm:<\/strong>\u00a0n\u1ebfu s\u1ef1 c\u1ed1 li\u00ean quan \u0111\u1ebfn m\u1ed9t thi\u1ebft b\u1ecb c\u1ee5 th\u1ec3, h\u00e3y r\u00fat ph\u00edch c\u1eafm c\u1ee7a thi\u1ebft b\u1ecb \u0111\u00f3 ra kh\u1ecfi \u1ed5 c\u1eafm, nh\u01b0ng ch\u1ec9 th\u1ef1c hi\u1ec7n sau khi \u0111\u00e3 ng\u1eaft c\u1ea7u dao ch\u00ednh \u0111\u1ec3 \u0111\u1ea3m b\u1ea3o an to\u00e0n.\u00a02. X\u1eed l\u00fd khi c\u00f3 ch\u00e1y<strong>ng\u1eaft ngu\u1ed3n \u0111i\u1ec7n:<\/strong>\u00a0b\u01b0\u1edbc \u0111\u1ea7u ti\u00ean l\u00e0 ng\u1eaft c\u1ea7u dao t\u1ed5ng ho\u1eb7c c\u1ea7u dao khu v\u1ef1c b\u1ecb ch\u00e1y.<strong>s\u1eed d\u1ee5ng v\u1eadt li\u1ec7u c\u00e1ch \u0111i\u1ec7n:<\/strong>\u00a0n\u1ebfu kh\u00f4ng ng\u1eaft \u0111\u01b0\u1ee3c ngu\u1ed3n \u0111i\u1ec7n, h\u00e3y s\u1eed d\u1ee5ng v\u1eadt c\u00e1ch \u0111i\u1ec7n nh\u01b0 c\u00e0nh c\u00e2y kh\u00f4, \u0111\u1ea5t ho\u1eb7c c\u00e1t kh\u00f4 \u0111\u1ec3 g\u1ea1t b\u1ecf v\u1eadt li\u1ec7u \u0111ang ch\u00e1y.<strong>tuy\u1ec7t \u0111\u1ed1i kh\u00f4ng d\u00f9ng n\u01b0\u1edbc:<\/strong>\u00a0kh\u00f4ng bao gi\u1edd s\u1eed d\u1ee5ng n\u01b0\u1edbc \u0111\u1ec3 d\u1eadp l\u1eeda \u0111i\u1ec7n v\u00ec c\u00f3 th\u1ec3 d\u1eabn \u0111i\u1ec7n v\u00e0 g\u00e2y nguy hi\u1ec3m t\u00ednh m\u1ea1ng.<strong>s\u1eed d\u1ee5ng b\u00ecnh ch\u1eefa ch\u00e1y ph\u00f9 h\u1ee3p:<\/strong>\u00a0khi ngu\u1ed3n \u0111i\u1ec7n \u0111\u00e3 \u0111\u01b0\u1ee3c ng\u1eaft, c\u00f3 th\u1ec3 d\u00f9ng b\u00ecnh ch\u1eefa ch\u00e1y co2 ho\u1eb7c b\u1ed9t kh\u00f4 \u0111\u1ec3 d\u1eadp l\u1eeda.\u00a03. S\u01a1 c\u1ee9u ng\u01b0\u1eddi b\u1ecb \u0111i\u1ec7n gi\u1eadt<strong>c\u00e1ch ly ngu\u1ed3n \u0111i\u1ec7n:<\/strong>\u00a0tuy\u1ec7t \u0111\u1ed1i kh\u00f4ng ch\u1ea1m v\u00e0o ng\u01b0\u1eddi b\u1ecb n\u1ea1n. S\u1eed d\u1ee5ng v\u1eadt kh\u00f4ng d\u1eabn \u0111i\u1ec7n (nh\u01b0 c\u00e2y kh\u00f4, nh\u1ef1a) \u0111\u1ec3 t\u00e1ch n\u1ea1n nh\u00e2n ra kh\u1ecfi ngu\u1ed3n \u0111i\u1ec7n.<strong>di chuy\u1ec3n \u0111\u1ebfn n\u01a1i an to\u00e0n:<\/strong>\u00a0\u0111\u01b0a n\u1ea1n nh\u00e2n \u0111\u1ebfn khu v\u1ef1c kh\u00f4 r\u00e1o v\u00e0 tho\u00e1ng kh\u00ed.<strong>g\u1ecdi c\u1ea5p c\u1ee9u:<\/strong>\u00a0g\u1ecdi \u0111i\u1ec7n c\u1ea5p c\u1ee9u ho\u1eb7c \u0111\u01b0a n\u1ea1n nh\u00e2n \u0111\u1ebfn b\u1ec7nh vi\u1ec7n g\u1ea7n nh\u1ea5t \u0111\u1ec3 \u0111\u01b0\u1ee3c ki\u1ec3m tra v\u00e0 x\u1eed l\u00fd y t\u1ebf k\u1ecbp th\u1eddi.<strong>th\u1ef1c hi\u1ec7n s\u01a1 c\u1ee9u c\u01a1 b\u1ea3n (n\u1ebfu n\u1ea1n nh\u00e2n b\u1ea5t t\u1ec9nh):<\/strong>\u00a0n\u1ebfu n\u1ea1n nh\u00e2n ng\u1eebng th\u1edf, th\u1ef1c hi\u1ec7n c\u00e1c bi\u1ec7n ph\u00e1p nh\u01b0 m\u1edf \u0111\u01b0\u1eddng th\u1edf b\u1eb1ng c\u00e1ch n\u00e2ng c\u1eb1m v\u00e0 ng\u1eeda \u0111\u1ea7u, \u00e9p tim v\u00e0 h\u00f4 h\u1ea5p nh\u00e2n t\u1ea1o n\u1ebfu c\u1ea7n thi\u1ebft, theo h\u01b0\u1edbng d\u1eabn c\u1ee7a nh\u00e2n vi\u00ean y t\u1ebf.\u00a04. G\u1ecdi h\u1ed7 tr\u1ee3 chuy\u00ean nghi\u1ec7p<strong>g\u1ecdi 114:<\/strong> n\u1ebfu c\u00f3 ch\u00e1y n\u1ed5, h\u00e3y g\u1ecdi ngay cho l\u1ef1c l\u01b0\u1ee3ng c\u1ea3nh s\u00e1t ph\u00f2ng ch\u00e1y ch\u1eefa ch\u00e1y.\u00a0<strong>G\u1ecdi hotline \u0111i\u1ec7n l\u1ef1c:<\/strong>\u00a0n\u1ebfu l\u00e0 s\u1ef1 c\u1ed1 m\u1ea5t \u0111i\u1ec7n di\u1ec7n r\u1ed9ng, h\u00e3y g\u1ecdi s\u1ed1 t\u1ed5ng \u0111\u00e0i c\u1ee7a c\u00f4ng ty \u0111i\u1ec7n l\u1ef1c \u0111\u1ecba ph\u01b0\u01a1ng \u0111\u1ec3 b\u00e1o c\u00e1o v\u00e0 nh\u1eadn h\u1ed7 tr\u1ee3 s\u1eeda ch\u1eefa.\u00a0<\/span><\/p>\n<p style=\"text-align: justify;\"><span style=\"font-size: 80%; color: #000000;\"><span style=\"font-size: 120%;\"><a href=\"https:\/\/thomaybomhcm.com\/wp-content\/uploads\/2025\/10\/but-thu-dien.avi\">but thu dien<\/a> \u0110\u1ec3 x\u1eed l\u00fd nhanh s\u1ef1 c\u1ed1 h\u01b0 h\u1ecfng \u0111i\u1ec7n n\u01b0\u1edbc t\u1ea1i HCM, b\u1ea1n c\u00f3 th\u1ec3 g\u1ecdi c\u00e1c d\u1ecbch v\u1ee5 s\u1eeda ch\u1eefa uy t\u00edn nh\u01b0 \u0110i\u1ec7n N\u01b0\u1edbc h\u00f2ang long ho\u1eb7c li\u00ean h\u1ec7 T\u1ed5ng \u0111\u00e0i 0906379340 n\u1ebfu l\u00e0 kh\u00e1ch h\u00e0ng c\u1ee7a \u0110i\u1ec7n l\u1ef1c mi\u1ec1n nam \u0111\u1ec3 \u0111\u01b0\u1ee3c h\u1ed7 tr\u1ee3 kh\u1ea9n c\u1ea5p. \u0110\u1ed1i v\u1edbi c\u00e1c s\u1ef1 c\u1ed1 \u0111i\u1ec7n, h\u00e3y ng\u1eaft ngu\u1ed3n \u0111i\u1ec7n t\u1ed5ng, di chuy\u1ec3n \u0111\u1ebfn n\u01a1i cao, kh\u00f4ng t\u1ef1 \u00fd s\u1eeda ch\u1eefa v\u00e0 t\u00ecm th\u1ee3 chuy\u00ean nghi\u1ec7p. \u0110\u1ed1i v\u1edbi s\u1ef1 c\u1ed1 n\u01b0\u1edbc, n\u1ebfu r\u00f2 r\u1ec9 l\u1edbn ho\u1eb7c kh\u00f3 s\u1eeda, h\u00e3y g\u1ecdi th\u1ee3 s\u1eeda \u1ed1ng n\u01b0\u1edbc chuy\u00ean nghi\u1ec7p.\u00a0<strong data-processed=\"true\">1. G\u1ecdi \u0111i\u1ec7n cho c\u00e1c d\u1ecbch v\u1ee5 chuy\u00ean nghi\u1ec7p<\/strong>\u00a0<strong data-processed=\"true\">2. C\u00e1ch x\u1eed l\u00fd s\u1ef1 c\u1ed1 \u0111i\u1ec7nNg\u1eaft ngu\u1ed3n \u0111i\u1ec7n t\u1ed5ng<\/strong>: N\u1ebfu s\u1ef1 c\u1ed1 li\u00ean quan \u0111\u1ebfn ch\u1eadp ch\u00e1y ho\u1eb7c ng\u1eadp n\u01b0\u1edbc, h\u00e3y ng\u1eaft ngay ngu\u1ed3n \u0111i\u1ec7n t\u1ed5ng \u0111\u1ec3 \u0111\u1ea3m b\u1ea3o an to\u00e0n.<strong data-processed=\"true\">Di chuy\u1ec3n \u0111\u1ebfn n\u01a1i an to\u00e0n<\/strong>: N\u1ebfu c\u00f3 ng\u1eadp n\u01b0\u1edbc, h\u00e3y di t\u1ea3n \u0111\u1ebfn khu v\u1ef1c cao h\u01a1n.<strong data-processed=\"true\">Kh\u00f4ng t\u1ef1 \u00fd s\u1eeda ch\u1eefa<\/strong>: Tuy\u1ec7t \u0111\u1ed1i kh\u00f4ng t\u1ef1 s\u1eeda ch\u1eefa c\u00e1c thi\u1ebft b\u1ecb \u0111i\u1ec7n khi kh\u00f4ng c\u00f3 ki\u1ebfn th\u1ee9c chuy\u00ean m\u00f4n, \u0111\u1eb7c bi\u1ec7t trong t\u00ecnh hu\u1ed1ng kh\u1ea9n c\u1ea5p.<strong data-processed=\"true\">Ki\u1ec3m tra v\u00e0 g\u1ecdi th\u1ee3<\/strong>: N\u1ebfu g\u1eb7p c\u00e1c v\u1ea5n \u0111\u1ec1 nh\u01b0 m\u1ea5t \u0111i\u1ec7n \u0111\u1ed9t ng\u1ed9t, ch\u1eadp \u0111i\u1ec7n, ho\u1eb7c nh\u1ea3y aptomat, h\u00e3y ki\u1ec3m tra k\u1ef9 c\u00e1c aptomat v\u00e0 c\u1ea7u dao, sau<\/span>\u00a0<\/span><\/p>\n\t\t<\/div>\n\t\t\t\t\t<\/div>\n\n\t\n<\/div>\n","protected":false},"excerpt":{"rendered":"","protected":false},"author":1,"featured_media":0,"parent":0,"menu_order":0,"comment_status":"closed","ping_status":"closed","template":"","meta":{"footnotes":""},"class_list":["post-5438","page","type-page","status-publish","hentry"],"_links":{"self":[{"href":"https:\/\/thomaybomhcm.com\/index.php?rest_route=\/wp\/v2\/pages\/5438","targetHints":{"allow":["GET"]}}],"collection":[{"href":"https:\/\/thomaybomhcm.com\/index.php?rest_route=\/wp\/v2\/pages"}],"about":[{"href":"https:\/\/thomaybomhcm.com\/index.php?rest_route=\/wp\/v2\/types\/page"}],"author":[{"embeddable":true,"href":"https:\/\/thomaybomhcm.com\/index.php?rest_route=\/wp\/v2\/users\/1"}],"replies":[{"embeddable":true,"href":"https:\/\/thomaybomhcm.com\/index.php?rest_route=%2Fwp%2Fv2%2Fcomments&post=5438"}],"version-history":[{"count":7,"href":"https:\/\/thomaybomhcm.com\/index.php?rest_route=\/wp\/v2\/pages\/5438\/revisions"}],"predecessor-version":[{"id":6273,"href":"https:\/\/thomaybomhcm.com\/index.php?rest_route=\/wp\/v2\/pages\/5438\/revisions\/6273"}],"wp:attachment":[{"href":"https:\/\/thomaybomhcm.com\/index.php?rest_route=%2Fwp%2Fv2%2Fmedia&parent=5438"}],"curies":[{"name":"wp","href":"https:\/\/api.w.org\/{rel}","templated":true}]}}